{"id":2,"date":"2026-03-08T17:15:05","date_gmt":"2026-03-08T16:15:05","guid":{"rendered":"https:\/\/example.com\/?page_id=2"},"modified":"2026-03-25T09:29:58","modified_gmt":"2026-03-25T08:29:58","slug":"przykladowa-strona","status":"publish","type":"page","link":"https:\/\/pracowniabadaniterapii.pl\/","title":{"rendered":"Psycholog, pedagog specjalny i psychologia s\u0105dowa. Pozna\u0144, Szczytniki"},"content":{"rendered":"\n<p>Oferujemy profesjonalne wsparcie psychologiczne, pedagogiczne oraz konsultacje dla dzieci, m\u0142odzie\u017cy i doros\u0142ych oraz ekspertyzy s\u0105dowe w Szczytnikach ko\u0142o Poznania.<\/p>\n\n\n\n<div class=\"wp-block-buttons is-layout-flex wp-block-buttons-is-layout-flex\">\n<div class=\"wp-block-button\"><a class=\"wp-block-button__link wp-element-button\" href=\"https:\/\/pracowniabadaniterapii.pl\/?page_id=16\">Um\u00f3w konsultacj\u0119<\/a><\/div>\n\n\n\n<div class=\"wp-block-button\"><a class=\"wp-block-button__link wp-element-button\" href=\"https:\/\/pracowniabadaniterapii.pl\/?page_id=10\">Poznaj ofert\u0119<\/a><\/div>\n<\/div>\n\n\n\n<figure class=\"wp-block-image size-full\"><img loading=\"lazy\" decoding=\"async\" width=\"1024\" height=\"1024\" src=\"https:\/\/pracowniabadaniterapii.pl\/wp-content\/uploads\/2026\/03\/ChatGPT-Image-21-mar-2026-o-17_15_04.png\" alt=\"\" class=\"wp-image-71\" style=\"aspect-ratio:1.1995386389850058\" srcset=\"https:\/\/pracowniabadaniterapii.pl\/wp-content\/uploads\/2026\/03\/ChatGPT-Image-21-mar-2026-o-17_15_04.png 1024w, https:\/\/pracowniabadaniterapii.pl\/wp-content\/uploads\/2026\/03\/ChatGPT-Image-21-mar-2026-o-17_15_04-300x300.png 300w, https:\/\/pracowniabadaniterapii.pl\/wp-content\/uploads\/2026\/03\/ChatGPT-Image-21-mar-2026-o-17_15_04-150x150.png 150w, https:\/\/pracowniabadaniterapii.pl\/wp-content\/uploads\/2026\/03\/ChatGPT-Image-21-mar-2026-o-17_15_04-768x768.png 768w\" sizes=\"auto, (max-width: 1024px) 100vw, 1024px\" \/><\/figure>\n\n\n\n<h2 class=\"wp-block-heading\">O pracowni<\/h2>\n\n\n\n<p><strong>Pracownia Bada\u0144 i Terapii<\/strong> to miejsce, w kt\u00f3rym \u0142\u0105czymy rzeteln\u0105 diagnoz\u0119, indywidualne podej\u015bcie i profesjonaln\u0105 pomoc psychologiczn\u0105. Wspieramy dzieci, m\u0142odzie\u017c i doros\u0142ych, oferuj\u0105c konsultacje psychologiczne, pomoc pedagoga specjalnego oraz wsparcie z zakresu psychologii s\u0105dowej w Szczytnikach ko\u0142o Poznania.<\/p>\n\n\n\n<p>Wsp\u00f3\u0142pracujemy z&nbsp;<strong>kancelariami adwokackimi i radcowskimi, instytucjami publicznymi oraz klientami indywidualnymi<\/strong>, a tak\u017ce oferujemy konsultacje dotycz\u0105ce zagadnie\u0144 psychologicznych pojawiaj\u0105cych si\u0119 w post\u0119powaniach s\u0105dowych.<\/p>\n\n\n\n<div class=\"wp-block-columns is-layout-flex wp-container-core-columns-is-layout-28f84493 wp-block-columns-is-layout-flex\">\n<div class=\"wp-block-column is-layout-flow wp-block-column-is-layout-flow\" style=\"flex-basis:66.66%\">\n<p>Wsparcie w obszarze psychologii s\u0105dowej, opiniowania i konsultacji wymagaj\u0105cych specjalistycznej analizy psychologicznej.<\/p>\n<\/div>\n\n\n\n<div class=\"wp-block-column is-layout-flow wp-block-column-is-layout-flow\" style=\"flex-basis:33.33%\">\n<p>Pomoc psychologiczna oraz pedagogiczna, konsultacje, diagnoza dla dzieci, m\u0142odzie\u017cy i doros\u0142ych z Poznania, Szczytnik i okolic.<\/p>\n<\/div>\n<\/div>\n\n\n\n<div class=\"wp-block-buttons is-layout-flex wp-block-buttons-is-layout-flex\">\n<div class=\"wp-block-button\"><a class=\"wp-block-button__link wp-element-button\" href=\"https:\/\/pracowniabadaniterapii.pl\/?page_id=12\">Psychologia S\u0105dowa<\/a><\/div>\n\n\n\n<div class=\"wp-block-button\"><a class=\"wp-block-button__link wp-element-button\" href=\"https:\/\/pracowniabadaniterapii.pl\/?page_id=10\">Diagnoza Dziecka<\/a><\/div>\n\n\n\n<div class=\"wp-block-button\"><a class=\"wp-block-button__link wp-element-button\" href=\"https:\/\/pracowniabadaniterapii.pl\/?page_id=8\">Poznajmy si\u0119<\/a><\/div>\n<\/div>\n\n\n\n<p><\/p>\n","protected":false},"excerpt":{"rendered":"<p>Oferujemy profesjonalne wsparcie psychologiczne, pedagogiczne oraz konsultacje dla dzieci, m\u0142odzie\u017cy i doros\u0142ych oraz ekspertyzy s\u0105dowe w Szczytnikach ko\u0142o Poznania. O pracowni Pracownia Bada\u0144 i Terapii to miejsce, w kt\u00f3rym \u0142\u0105czymy rzeteln\u0105 diagnoz\u0119, indywidualne podej\u015bcie i profesjonaln\u0105 pomoc psychologiczn\u0105. Wspieramy dzieci, m\u0142odzie\u017c i doros\u0142ych, oferuj\u0105c konsultacje psychologiczne, pomoc pedagoga specjalnego oraz wsparcie z zakresu psychologii s\u0105dowej [&hellip;]<\/p>\n","protected":false},"author":1,"featured_media":0,"parent":0,"menu_order":0,"comment_status":"closed","ping_status":"closed","template":"","meta":{"footnotes":""},"class_list":["post-2","page","type-page","status-publish","hentry"],"_links":{"self":[{"href":"https:\/\/pracowniabadaniterapii.pl\/index.php?rest_route=\/wp\/v2\/pages\/2","targetHints":{"allow":["GET"]}}],"collection":[{"href":"https:\/\/pracowniabadaniterapii.pl\/index.php?rest_route=\/wp\/v2\/pages"}],"about":[{"href":"https:\/\/pracowniabadaniterapii.pl\/index.php?rest_route=\/wp\/v2\/types\/page"}],"author":[{"embeddable":true,"href":"https:\/\/pracowniabadaniterapii.pl\/index.php?rest_route=\/wp\/v2\/users\/1"}],"replies":[{"embeddable":true,"href":"https:\/\/pracowniabadaniterapii.pl\/index.php?rest_route=%2Fwp%2Fv2%2Fcomments&post=2"}],"version-history":[{"count":24,"href":"https:\/\/pracowniabadaniterapii.pl\/index.php?rest_route=\/wp\/v2\/pages\/2\/revisions"}],"predecessor-version":[{"id":102,"href":"https:\/\/pracowniabadaniterapii.pl\/index.php?rest_route=\/wp\/v2\/pages\/2\/revisions\/102"}],"wp:attachment":[{"href":"https:\/\/pracowniabadaniterapii.pl\/index.php?rest_route=%2Fwp%2Fv2%2Fmedia&parent=2"}],"curies":[{"name":"wp","href":"https:\/\/api.w.org\/{rel}","templated":true}]}}